the remainder when 95 is divided by (j/(-6))/(4/(-192))?
15
Let w(y) = -10*y + 36. What is the remainder when w(-3) is divided by 25?
16
Let l be 1 + (4/4 - -1) - -1. Suppose l*n = -k + 76, n + 2*k + 88 = 5*n. Calculate the remainder when n is divided by 2.
0
Suppose 6*u + 0*u = 12. Let k(o) = 3*o**3 - 4*o**2 + 2*o + 4. Calculate the remainder when k(u) is divided by (-4)/((-8)/3 + 2).
4
Let y = 18 - 33. Let s = y - -24. Calculate the remainder when -4 + (-8)/(-6)*s is divided by 5.
3
Let w(u) = u**3 - 29*u**2 + 30*u + 15. What is the remainder when w(28) is divided by -2 - 0 - (-1 + -10)?
8
Let y be (2/(-8))/(1/(-16)). Suppose -z + 7 = -y*p - 12, -3*p + 57 = 4*z. What is the remainder when 24 is divided by z?
9
Let y(u) = u - 45. Calculate the remainder when 16 is divided by y(50).
1
Let i = -3312 + 3314. Let z(j) = -2*j - 2. What is the remainder when z(-5) is divided by i?
0
Suppose 4*n - 26 = 42. Suppose -5*r = -7*w + 2*w + 75, 3*w - n = -4*r. Calculate the remainder when 50 is divided by w.
6
Suppose 7*g = 72 - 443. Let w = 70 + g. What is the remainder when w is divided by 10?
7
Let f = 86 - 88. What is the remainder when (0/3 + -1)*-9 is divided by 18/2*f/15*-5?
3
Suppose 5*r - 4*p - 14 = 0, 2*r - 16 = -3*p + 8. Suppose -c = -r*c. Suppose 3*t + c*t - 30 = 0. What is the remainder when 27 is divided by t?
7
Suppose 2*h + y = 566, 4*y + 175 = 5*h - 1266. What is the remainder when h is divided by 22?
21
Let z = 236 - 155. Let y = 127 - z. Calculate the remainder when y is divided by 27.
19
Let f be 180/72*((-8)/(-10) - 0). Suppose 0 = f*n + z - 101, 0 = 4*z - 7*z + 15. Calculate the remainder when n is divided by 25.
23
Suppose 6*m - 7*m + 2 = 0. Suppose -4*w - 117 = -5*y, -4*y - m + 98 = -4*w. What is the remainder when y is divided by 4 + 2 - 0 - 0?
3
Let c(u) = -22*u + 820. Calculate the remainder when 326 is divided by c(36).
18
Calculate the remainder when ((-911)/(-9))/1 + (-368)/1656 is divided by 36.
29
Suppose 4*i + 4*y = 6*y - 86, 0 = 5*i + 2*y + 130. Let d = 24 - i. What is the remainder when 189 is divided by d?
45
Let z = 46 + 23. Let u = -1 - -1. Suppose -2*h + 4*h - 48 = u. Calculate the remainder when z is divided by h.
21
Suppose -805 = -37*l + 2*l. Calculate the remainder when 45 is divided by l.
22
Let w(c) = 3*c**2 + 5*c + 4. Let d be w(-2). Let l = 8 - d. Suppose 40 = -l*k + 6*k. What is the remainder when 19 is divided by k?
9
Let v = 184 - -50. Calculate the remainder when (5 - (-51)/(-9))*v/(-4) is divided by 10.
9
Let s = 49 + -48. What is the remainder when 10 is divided by (1/s - 2)*2 - -4?
0
What is the remainder when 90/(-180) - (1490/(-4) - -1) is divided by 75?
71
Let k be (-1)/((12/(-8))/3). Suppose -2*o = k*o - 188. What is the remainder when 184 is divided by o?
43
Let c = 29 - 27. Suppose -2*m + 30 = -4*w, 33 = c*m - 0*m - w. Calculate the remainder when 66 is divided by m.
15
Suppose 0 = -24*a + 2109 + 1395. What is the remainder when 155 is divided by a?
9
Let b(p) = 12*p**2 + 47*p - 1. Let f be b(-4). Let j(h) = h**2 - h + 3. Calculate the remainder when j(6) is divided by -7*3/(-7) + f*1.
3
Let x(o) = 14 - o**2 - 45 + 9*o + 11*o. Calculate the remainder when x(16) is divided by 21.
12
Let u be (3/(-2))/((-8445)/2810 + 3). Let k = 3 + -3. Suppose k = -3*o + 4*a + u, -4*o - 5*a + 360 = -3*a. Calculate the remainder when o is divided by 23.
22
Let a = 424 + -337. Let r = -7 + 6. Let x = r + 23. What is the remainder when a is divided by x?
21
Let m be -3 + 50 + -5 + 2. Suppose -3*q + m = q. Suppose k - 2*k = -q. Calculate the remainder when 43 is divided by k.
10
Let y = -21 - -48. Let f(c) = -c**3 + 9*c**2 - 8*c - 20. Calculate the remainder when y is divided by f(3).
7
Let l(r) be the second derivative of r**5/20 + r**4 - r**3/2 - 3*r**2/2 + 13*r. Calculate the remainder when 129 is divided by l(-12).
30
Let a = -357 + 392. Calculate the remainder when 88 is divided by a.
18
What is the remainder when 1/(-3) + (-9)/135*-305 is divided by 7?
6
Suppose -7*m + m + 186 = 0. What is the remainder when 91 is divided by m?
29
Suppose 13*g - 1148 + 69 = 0. What is the remainder when 249 is divided by g?
0
Suppose -4*p - 406 + 562 = 0. Calculate the remainder when p is divided by 20.
19
Let s = 4 - -18. Let q(r) = r**3. Let k = -1 + 3. What is the remainder when s is divided by q(k)?
6
Let m = -103 - -111. What is the remainder when 95 is divided by m?
7
What is the remainder when (-21552)/(-276) + 4/(-46) is divided by 47?
31
Let a(t) = -t**3 - 13*t**2 - 48*t - 16. Calculate the remainder when 257 is divided by a(-7).
23
Suppose 4*a + 39 = -q + 6*q, -a + 26 = 2*q. Suppose -30*v = -29*v - 21. What is the remainder when v is divided by q?
10
Suppose -1452 = 8*m - 1660. What is the remainder when 306 is divided by m?
20
Let z(s) = 10*s - 5. Suppose 0 = f - 5*l - 32, 4*f + 3*l - 20 = 16. Calculate the remainder when z(4) is divided by f.
11
Let j(x) = 2*x**2 - 60*x + 36. Calculate the remainder when 323 is divided by j(30).
35
Let n(r) = -7*r + 50. Calculate the remainder when 118 is divided by n(4).
8
Let m = 54 - 50. Suppose -3*t = 6*y - 2*y - 160, m*t = y - 21. Calculate the remainder when y is divided by 13.
11
Let h(q) = 26*q - 61. What is the remainder when 147 is divided by h(3)?
11
Let u be (3 - (-9)/(-3))/3. Suppose 4*j - 3*j - 31 = u. Let n = 49 - j. Calculate the remainder when 69 is divided by n.
15
Suppose 2*o + 2*o = 5*h - 10, o + 1 = h. Let i be (h/(-8))/(6/(-16)). Let z(s) = -s**3 + 3*s**2 - 1. What is the remainder when 9 is divided by z(i)?
0
Let z(w) = 9*w**2 - w - 2. Let b be (2 - 3)*(-3 - (2 + 252)). Suppose q + 3*q - 311 = -5*y, -4*y + 5*q + b = 0. What is the remainder when y is divided by z(2)?
31
Let i(k) = -2*k + 1. Let j(v) = v - 1. Let x(t) = 5*i(t) + 7*j(t). What is the remainder when x(-7) is divided by 13?
6
Let d(g) = -2*g**3 - 3*g + 5. What is the remainder when d(-5) is divided by 39?
36
Let w(b) = -2*b**2 + 4*b - 4*b + 2*b + 3*b**2 - 6. Calculate the remainder when w(-8) is divided by 74/5 + (-12)/(-60).
12
Suppose -4*d - f = -d - 210, -2*f + 6 = 0. Suppose x + 22 = d. What is the remainder when x is divided by 16?
15
Let b(i) = -6*i**3 + 2*i + 1. Suppose -4*u + 68 = 72, -2*a + 21 = -5*u. What is the remainder when a is divided by b(-1)?
3
Let k(f) = 7*f - 4. Let a be k(14). Let n = -22 + a. What is the remainder when n is divided by 37?
35
Let f(g) = -g**3 + 43*g**2 + 43*g + 62. What is the remainder when 53 is divided by f(44)?
17
Suppose -q - 22*q = -299. What is the remainder when (57/6)/(2/8) is divided by q?
12
Let q(i) = -2*i**2 - 4*i + 2. Let u be q(7). Let l = 207 + u. Calculate the remainder when l is divided by 22.
17
Let w be (2/1)/((-1)/(-40)). Suppose 5*x + 2*h = w, -4*h = -x + 40 - 2. Calculate the remainder when x is divided by 6.
0
Let w be (1 - 2/(-4))/((-2)/(-4)). What is the remainder when 1*((-3)/w - -31) is divided by 9?
3
Let n(t) = 2*t + 1 + 2*t**2 + t - t + 0*t - 6*t**3. What is the remainder when (-19)/(9/(-3) - -2) is divided by n(-1)?
5
Let v(m) = 3 - 7*m - 82*m - 7*m. Calculate the remainder when v(-2) is divided by 22.
19
Let l(v) = 3*v**3 - 2*v**2 + 1. Let a be l(1). Let c(j) = 12*j**2 + 2*j - 3. Calculate the remainder when c(a) is divided by -2*(-6 + -1) + (-10)/(20/2).
10
Let x be 3 - (-11 - 1) - 0. Let h = x - 12. Suppose 5*m - 54 = -2*c, -c = 5*m - h*c - 46. Calculate the remainder when 37 is divided by m.
7
Let r = 123 + -127. What is the remainder when 51 - (r + (-2 - (-3 + -7))) is divided by 6?
5
Let d = -48 + 66. Suppose 0 = -4*n + 284 - 76. Calculate the remainder when n is divided by d.
16
Let i(r) = 14 + r - r - 2*r. Let x(o) = o**3 + 22*o**2 + 20*o - 21. Let t be x(-21). Calculate the remainder when 27 is divided by i(t).
13
Calculate the remainder when 854/10 - (-4 - (-264)/60) is divided by 4.
1
Let h(i) = 5*i - 10. Let v(n) = -5*n + 11. Let b(x) = 5*h(x) + 4*v(x). Calculate the remainder when b(3) is divided by 4.
1
Suppose -c + 36 - 4 = -5*n, 0 = -3*n + 2*c - 15. Suppose -27 = -3*k + 33. Calculate the remainder when k is divided by (n/(-2))/(3/6).
6
Let a(r) = -7*r - 5. Let q be a(5). Let m = q + 57. What is the remainder when m is divided by 10 + -2 + 4 + -3?
8
Suppose 2*l = 4*k - 2*k + 6, -4*l + 16 = -2*k. Suppose -3*a + k 